se 0 = -v - y + 234 + 792, -v - 4*y = -1017. Is v a multiple of 5?
False
Let y(o) = 3*o**2 + 3*o - 36. Let a be y(23). Suppose -7*b = 20*b - a. Does 6 divide b?
True
Is 128 a factor of (76*6/(-15))/((-2)/910*2)?
False
Let i(q) = 2*q**2 - 6*q + 22. Let o = -7 - 6. Is 27 a factor of i(o)?
False
Let x(l) = 9*l - l**2 + 20 + 7*l - l. Let w be x(15). Suppose -24*q + w*q + 796 = 0. Is q a multiple of 23?
False
Suppose 4*i = 2*l + 24, 0*i - 3*i = 3*l - 9. Let y be (-2)/5 + (-1 - (-22)/i). Suppose 3*t - 2*k = 386, -y*k + 0*k - 12 = 0. Does 14 divide t?
True
Is (7836/(-10))/(4 + (-1146)/285) a multiple of 17?
False
Suppose 2*p + 2*p = 0. Let y be 2/(-9) - (2058/(-27) - p). Suppose 0 = -2*j - 20 + y. Is 6 a factor of j?
False
Let s(a) = -105*a**3 - 2*a**2 + 32*a + 15. Is s(-5) a multiple of 167?
False
Let z = 4363 + -1938. Is 12 a factor of z?
False
Suppose 2*x = 2*y - 3*y + 11, 0 = 4*x - 2*y - 26. Suppose -x*v + 9 = -3*v. Suppose 5*d = 2*d + 6, 5*d + 278 = v*a. Is 20 a factor of a?
False
Suppose 5*m - 1 = -1. Does 27 divide (207/(-69))/(m - 1/193)?
False
Let p be (0 - 3) + (41 - (-5 - -3)). Does 17 divide (-4)/(p/(-1355)) - 6/(-4)?
False
Is 184 a factor of (15*947)/(235/282)?
False
Let h(k) = k**2 + 190*k - 3554. Is 35 a factor of h(33)?
False
Let s = -56 + 64. Let u be 4/6*2/(s/(-36)). Is 44 a factor of (5*u)/(((-16)/(-46))/(-4))?
False
Let n(z) = 2*z**2 + 46*z - 1380. Does 20 divide n(-85)?
True
Let l = 57931 + 543. Is 338 a factor of l?
True
Let y(a) = -74 + 63*a + 25 + 15*a + 28*a. Let p be y(7). Suppose p = 8*l - l. Does 11 divide l?
True
Suppose 13*f = 27*f - 24192. Suppose g + 15*g - f = 0. Is 36 a factor of g?
True
Does 56 divide 4976 - (-9 - 100/(-4) - 9)?
False
Suppose i + 60 = 7*i. Suppose 0 = i*v - 6758 - 2752. Suppose -k + 4*d + 181 = 0, 5*k + 3*d = -0*d + v. Does 27 divide k?
True
Let v(j) = -j**3 - 5*j**2 - 8*j - 10. Let f(r) = -2*r + 5. Suppose -5*h = i - 22, -3*h + 3*i = i - 21. Let w be f(h). Is 15 a factor of v(w)?
True
Suppose -5*o = b - 5350, -3*o - 2*b + 68 + 3142 = 0. Let c = o - -3970. Suppose 12*n = 26*n - c. Does 45 divide n?
True
Let l(d) = d**2 - 399*d + 4348. Is 4 a factor of l(11)?
True
Let l be ((-75)/20)/(2/8). Suppose 278 = 7*q - 177. Let v = q - l. Is v a multiple of 12?
False
Let w(p) = -3*p - 12. Let t(j) = 5*j + 24. Let f(a) = 4*t(a) + 7*w(a). Let b be f(5). Suppose 0 = -3*m - 4*h + 2, b*m - 4*m + 5*h = -2. Is 6 a factor of m?
True
Let b = 115 - 111. Let q be ((-2)/4)/(b/112). Is 4 a factor of 4/q + (-116)/(-14)?
True
Let x = -173 + 4574. Is x a multiple of 9?
True
Let j(n) = 3590*n + 1492. Does 51 divide j(7)?
True
Let f be (-315)/126*(-12)/10. Suppose f*m - 1797 = -3*u - u, 5*m = -3*u + 2995. Is 30 a factor of m?
False
Let y be -18 + 17 + (-97)/(-1). Suppose 0 = -2*u + y - 16. Does 8 divide u?
True
Let s be (-1)/((12/3)/(-356)). Let x(u) = 39*u + 37 + 25*u - s*u. Is 17 a factor of x(-6)?
True
Suppose 88*x - 82*x - 54 = 0. Let v(f) = f**3 - 8*f**2 + 17*f - 14. Is v(x) a multiple of 10?
True
Suppose -16*r + 268 + 532 = 0. Suppose -r*z = -47*z - 726. Is 22 a factor of z?
True
Does 31 divide 1 + 4/(-24) + 522093/234?
True
Suppose -75892 = -5*a - 4*d, -3*d + 21834 + 23697 = 3*a. Is 104 a factor of a?
True
Does 26 divide (-5 - 29447/77)/((-2)/182)?
True
Suppose 51*a = 49*a + 100. Is 12 a factor of a/(-60) - (-6145)/30?
True
Suppose 0 = 3*j + 3*p - 1593, -2*p + 766 = j + 238. Suppose -2*d = 5*g - 1089, -4*g + j = -5*d - 324. Does 7 divide g?
True
Suppose 166*a + 412452 = 2402460. Is 108 a factor of a?
True
Let f = -906 + 2426. Does 19 divide f?
True
Let b(q) = q**3 - 9*q**2 + 2*q - 16. Let f be b(9). Suppose -o + 1121 = f*k + 133, -1484 = -3*k - 2*o. Let g = -305 + k. Is g a multiple of 17?
True
Let g be (3*1)/((23/4)/23). Is 39 a factor of (g/(-30))/(2 - 2762/1380)?
False
Suppose -34*f + 346*f - 1029463 = 163937. Is f a multiple of 9?
True
Let q(n) = 236*n**3 + 4*n - 3 - 3*n - 3 + 5 + n**2. Let f be q(1). Let g = -165 + f. Is g a multiple of 18?
True
Suppose 2*x + 8 = 6*x. Suppose 0 = x*y - 0*y - 1050. Is y a multiple of 19?
False
Let j(n) = 165*n**2 + 100*n + 1240. Is j(-10) a multiple of 124?
True
Let b(h) = 2*h**2 + 7*h + 16. Let c be b(-2). Let r(i) = 2*i**2 + 25*i - 111. Is 18 a factor of r(c)?
False
Let p(x) = 4*x**2 + 6*x + 10. Let d be p(-2). Suppose 17*n - 5*w - 448 = d*n, 4*w - 640 = -4*n. Is 26 a factor of n?
True
Let a(r) = 21*r**2 + 5*r - 5. Let y be a(2). Let p = -80 + y. Does 13 divide ((p/(-6))/(-3))/(1/32)?
False
Suppose -4 = -8*p + 4*p, -3*l = -3*p - 2811. Suppose -l = -25*m + 1037. Is 13 a factor of m?
False
Let g(l) = -128*l - 292. Let v(s) = -s + 1. Let f(y) = -g(y) + 6*v(y). Does 24 divide f(7)?
True
Suppose -25 = -w - 5. Let h = w - -40. Suppose -2*a + 4*z = -122, -5*a + 3*z + h = -4*a. Is 7 a factor of a?
True
Let m(p) = 11*p**2 - 100*p + 163. Is 48 a factor of m(-28)?
False
Suppose x - 1 = -7. Let l be (-4 - -1) + 21 + -11. Does 6 divide l*x/5*-5?
True
Let g be (216/21)/(8/84). Suppose 99*r - 98*r = 4*v + 36, 0 = 3*r - 4*v - g. Does 6 divide r?
True
Suppose -m + 45900 = n - 21004, 4*m + 2*n = 267616. Is 273 a factor of m?
False
Is 98 a factor of (3536/39)/(-34)*-4998?
True
Suppose -42 = o - 44. Suppose s - 202 = -5*q, -o*s + 6*q - q = -449. Is s a multiple of 31?
True
Let x be (4/6)/((-8)/(-1236)). Let w = x - 98. Suppose -3*m = 4*y - 55, w*y + 0*m - 25 = 5*m. Does 9 divide y?
False
Suppose 11 = 5*i - 14. Suppose i*o + 3*b - 606 = 0, -8 = -b - 6. Is 30 a factor of o?
True
Suppose 0 = 3*j - 7*j + 12. Suppose 13 = -j*g + 22. Suppose -y - g*d + 85 = 0, -3*y + 6*y + d - 279 = 0. Is y a multiple of 16?
False
Suppose -v - 5*m = 509, 0*m - 3*m = -5*v - 2433. Let i = v - -922. Is i a multiple of 25?
False
Does 17 divide ((-875)/(-14) + 5)*3/(18/1568)?
False
Does 115 divide (-2 - 34/3)*(-26904)/295?
False
Let o(y) = -57*y**2 + 11*y + 9 + 70*y**2 - 2*y**3 + 3*y**3. Let f be o(-11). Suppose f = 2*i - 68. Is i a multiple of 11?
True
Suppose -b - 241 = m, -m - 2*m + 3*b - 723 = 0. Let y = 381 + m. Does 3 divide y?
False
Let k be (22 - 2) + (-7 - -7)*-1. Suppose 0 = -37*s + k*s + 1870. Does 11 divide s?
True
Suppose -w + 2*w = -4, 4*w - 20 = -3*m. Let j(q) = 5*q - 6 - 2 + 5*q. Is 16 a factor of j(m)?
True
Suppose 3*i + w - 71 = 0, 5*i - 4*w = 54 + 36. Suppose i*q - 896 = 18*q. Is 28 a factor of q?
True
Let x(g) = -g**3 - 16*g**2 + 11*g + 2930. Does 10 divide x(0)?
True
Suppose 3*r = -0*r - 2*n + 18034, 9*r + 4*n = 54116. Does 94 divide r?
True
Suppose -32098*w + 32103*w - 11600 = 0. Is 20 a factor of w?
True
Let o = -28 - -41. Let z(w) = -55*w - 21*w - 12*w - o - 5*w. Is z(-1) a multiple of 20?
True
Suppose -f = -2*h - 1176, -12 = -2*h + 6*h. Is f a multiple of 45?
True
Let u(r) = r - 1. Let k be u(13). Suppose 8*w = k*w - 16. Suppose y + y - 58 = -3*s, s = w*y + 24. Does 4 divide s?
True
Let l be -1 + (1 - -1638 - -6). Suppose l = 18*j - 3828. Is 38 a factor of j?
True
Let h(q) = 45*q - 1. Let k(n) = 68*n - 2. Let m(o) = -8*h(o) + 5*k(o). Suppose -4*f = -730 + 746. Is m(f) a multiple of 16?
False
Let n(x) = 11*x**2 + 31. Suppose -o + 36 = 5*o. Does 61 divide n(o)?
True
Let a(d) = -d**3 - 32*d**2 - 3*d + 3. Let j(s) = s**2 + s. Let x(n) = -a(n) - 4*j(n). Let f(h) = -2*h - 16. Let m be f(6). Does 13 divide x(m)?
False
Let k = 10057 - -3276. Does 32 divide k?
False
Let r(v) = -43*v**2 - 2*v + 1. Let f be 2/5 + (-154)/35. Let s be r(f). Let j = 958 + s. Is j a multiple of 26?
False
Suppose 5*v + s + 8 = 0, 4*s = -3*v + 5*s - 8. Let z be 1/v*2*(2 - 4). Suppose 0 = z*b - 5*j - 15 - 397, -3*j = -3*b + 600. Is b a multiple of 12?
False
Suppose -5*c + 438367 + 8225 = -3*n, -2*n = -c + 89317. Is c a multiple of 13?
False
Let j(a) = 3*a**2 + 91*a - 1. Suppose -310 = -224*f + 234*f. Is j(f) a multiple of 7?
False
Suppose 6*m - m = 35. Suppose -z + m = -0. Let a = z + 95. Does 31 divide a?
False
Suppose 107*t - 112*t - 10 = 0. Does 15 divide (t/(-4)*30)/((-2)/(-26))?
True
Suppose -m = 3*q + 19, 30*m - 33*m + 15 = 0. Does 8 divide 313/3 + (q + 3)/15?
True
Suppose -m = 4*k - 7757 - 3003, -3*m - 2*k + 32280 = 0. Is 16 a factor of (-2)/6 + m/24?
True
Let g be -2*((-16)/20 - (-30)/(-25)). Suppose -4*q - 542 = 5*c - 2923, -q + 609 = g*c. Is 19 a factor of q?
True
Let a(k) = -87*k - 435. Is a(-36) a multiple of 87?
True
Le